{"id":338,"date":"2009-02-15T14:44:51","date_gmt":"2009-02-15T13:44:51","guid":{"rendered":"http:\/\/www.warteckpp.ch\/thuering\/wordpress\/?page_id=338"},"modified":"2009-04-14T21:01:06","modified_gmt":"2009-04-14T20:01:06","slug":"von-werbung-auf-dem-blog-halten-wir","status":"publish","type":"page","link":"http:\/\/www.warteckpp.ch\/thuering\/wordpress\/von-werbung-auf-dem-blog-halten-wir\/","title":{"rendered":"werbung?"},"content":{"rendered":"<p>martin meint:<br \/>\nspendiert doch dem maui ein bier oder ladet ihn zum z&#8217;nacht ein. versorgt die&#8220;zwei hoch drei gmbh&#8220; mit auftr\u00e4gen oder schreibt drohbriefe damit dieser werbebanner wieder verschwindet. bitte schlagt ihn nicht er ist ja trotz allem noch mein freund. leider bin ich zur zeit gar nicht mit schnellen internet leitungen verw\u00f6hnt und so er\u00fcbrigt sich die frage ob ich die filme wieder auf meiner youtube seite hochlade. vorerst herrscht mal werbeblog-boykott<\/p>\n<p>maui meint:<br \/>\ndas bisschen werbung kratzt ja keinen. die inhalte passen ja gut zum inhalt, indien-reisen, hotels in indien, g\u00fcnstige fl\u00fcge, spirituelle abentuer, vielleicht spricht es ja den einen oder andern an. oder die singles in basel &#8230;<br \/>\nklickt lieber ein wenig drauf, dann generiert mir das ab und an ein paar rappen. zum bier k\u00f6nnt ihr mich ja immer noch einladen.<\/p>\n<p>thomas meint:<\/p>\n<p>also ich finde die Werbung auf dem Blog super. Wieviel kriegst Du pro Klick? 10 Rupien? soll ich mal elena und andrea ein bisschen klicken lassen. die machen das sicher gerne. Wie geht es eigentlich dem indienkoller. irgendwie ist es ja schon ein paradox. auf der einen seite das planke chaos, auf der anderen seite das esoterik-wonderland. oder geh\u00f6rt das irgendwie zusammen? ohne chaos keine innere ruhe finden wollen und wir, die wie in der ruhe versticken, k\u00f6nnen&#8217;s kaum erwarten vom chaos verf\u00fchrt zu werden. das richtige leben war halt schon immer anderswo, egal wo man gerade ist.<br \/>\nsalutoni<\/p>\n<p>raphael meint:<\/p>\n<p>\u00fcbrigens gute seite! wir sind sicher einmal pro woche drauf. leider ein bisschen schreibfaul. \u00fcbrigens, dieser spamfilter f\u00fcr die komentare, filtert nicht nur spam, hab ich sagen h\u00f6ren!<\/p>\n<p>ja, zu deinem thema, werbung. ich denke das ist eine klassische lose-lose-situation, wie wir sie hierzulande und in der restlichen aktien-und-kleinsparer-welt zu gen\u00fcge kennen gelernt haben. der werbung-ignorierer nervt sich \u00fcber die werbung. und der werbung-poster, der schon die kassen klingeln h\u00f6rt, regt sich \u00fcber dan ausbleibenden geldsegen auf. internetregel, die demn\u00e4chst die google-blase zum platzen bringen wird: kein schwein klickt werbung an.<\/p>\n<p>fazit: gut gegen langeweile, aber ein paar stinkreiche inder \u00fcber den tisch ziehen ist sicher lukrativer.<\/p>\n<p>lieber gruss an die familie und bis bald.<\/p>\n<p>g\u00f6ggi meint:<\/p>\n<p>Ich bin kein zuverl\u00e4ssiger Schreiber auf Blogs und Forums, sorry.<br \/>\nGute Adressen in Bezug auf Werbung und Indien finde ich gut, restliche kommerzielle Werbung finde ich Scheisse.<\/p>\n","protected":false},"excerpt":{"rendered":"<p>martin meint: spendiert doch dem maui ein bier oder ladet ihn zum z&#8217;nacht ein. versorgt die&#8220;zwei hoch drei gmbh&#8220; mit auftr\u00e4gen oder schreibt drohbriefe damit dieser werbebanner wieder verschwindet. bitte schlagt ihn nicht er ist ja trotz allem noch mein freund. leider bin ich zur zeit gar nicht mit schnellen internet leitungen verw\u00f6hnt und so [&hellip;]<\/p>\n","protected":false},"author":2,"featured_media":0,"parent":0,"menu_order":0,"comment_status":"open","ping_status":"open","template":"","meta":[],"_links":{"self":[{"href":"http:\/\/www.warteckpp.ch\/thuering\/wordpress\/wp-json\/wp\/v2\/pages\/338"}],"collection":[{"href":"http:\/\/www.warteckpp.ch\/thuering\/wordpress\/wp-json\/wp\/v2\/pages"}],"about":[{"href":"http:\/\/www.warteckpp.ch\/thuering\/wordpress\/wp-json\/wp\/v2\/types\/page"}],"author":[{"embeddable":true,"href":"http:\/\/www.warteckpp.ch\/thuering\/wordpress\/wp-json\/wp\/v2\/users\/2"}],"replies":[{"embeddable":true,"href":"http:\/\/www.warteckpp.ch\/thuering\/wordpress\/wp-json\/wp\/v2\/comments?post=338"}],"version-history":[{"count":10,"href":"http:\/\/www.warteckpp.ch\/thuering\/wordpress\/wp-json\/wp\/v2\/pages\/338\/revisions"}],"predecessor-version":[{"id":343,"href":"http:\/\/www.warteckpp.ch\/thuering\/wordpress\/wp-json\/wp\/v2\/pages\/338\/revisions\/343"}],"wp:attachment":[{"href":"http:\/\/www.warteckpp.ch\/thuering\/wordpress\/wp-json\/wp\/v2\/media?parent=338"}],"curies":[{"name":"wp","href":"https:\/\/api.w.org\/{rel}","templated":true}]}}