{"id":744,"date":"2023-04-05T13:29:39","date_gmt":"2023-04-05T13:29:39","guid":{"rendered":"https:\/\/www.warteckpp.ch\/fonds\/?page_id=744"},"modified":"2024-09-27T14:25:43","modified_gmt":"2024-09-27T14:25:43","slug":"willkommen","status":"publish","type":"page","link":"https:\/\/www.warteckpp.ch\/fonds\/","title":{"rendered":"Willkommen"},"content":{"rendered":"\n<p>Herzlich Willkommen beim Fonds des Werkraums Warteck pp.<\/p>\n\n\n\n<p>Der Fonds WWpp ist ein ideelles Engagement des Vereins Werkraum Warteck pp. Die finanziellen Mittel stellt der Verein aus knappen 10% der Mieteinnahmen f\u00fcr kulturelle Projekte zur Verf\u00fcgung. Eine Arbeitsgruppe aus dem Umfeld des Werkraum Warteck pp w\u00e4hlt aus eingegangenen Dossiers Projekte aus. Damit sollen&nbsp;die Leitideen des Werkraum Warteck pp nach aussen getragen und die Interaktion mit der Region Basel gef\u00f6rdert werden.<br><\/p>\n\n\n\n<p>F\u00f6rdergesuche k\u00f6nnen laufend \u00fcber<a href=\"https:\/\/www.warteckpp.ch\/fonds\/\">\u00a0<\/a><a rel=\"noreferrer noopener\" href=\"https:\/\/www.warteckpp.ch\/fonds\/gesuch-2\" target=\"_blank\">Gesuch<\/a>\u00a0hochgeladen werden. Bitte <a rel=\"noreferrer noopener\" href=\"https:\/\/www.warteckpp.ch\/fonds\/fonds-2\" data-type=\"URL\" data-id=\"https:\/\/www.warteckpp.ch\/fonds\/fonds-2\" target=\"_blank\">F\u00f6rderrichtlinien<\/a> beachten.<\/p>\n\n\n\n<p>Wir freuen uns auf eure Projekte.<\/p>\n","protected":false},"excerpt":{"rendered":"<p>Herzlich Willkommen beim Fonds des Werkraums Warteck pp. Der Fonds WWpp ist ein ideelles Engagement des Vereins Werkraum Warteck pp. Die finanziellen Mittel stellt der Verein aus knappen 10% der Mieteinnahmen f\u00fcr kulturelle Projekte zur Verf\u00fcgung. Eine Arbeitsgruppe aus dem &hellip; <a href=\"https:\/\/www.warteckpp.ch\/fonds\/\">Weiterlesen <span class=\"meta-nav\">&rarr;<\/span><\/a><\/p>\n","protected":false},"author":1,"featured_media":0,"parent":0,"menu_order":0,"comment_status":"closed","ping_status":"closed","template":"sidebar-page.php","meta":{"footnotes":""},"class_list":["post-744","page","type-page","status-publish","hentry"],"_links":{"self":[{"href":"https:\/\/www.warteckpp.ch\/fonds\/wp-json\/wp\/v2\/pages\/744","targetHints":{"allow":["GET"]}}],"collection":[{"href":"https:\/\/www.warteckpp.ch\/fonds\/wp-json\/wp\/v2\/pages"}],"about":[{"href":"https:\/\/www.warteckpp.ch\/fonds\/wp-json\/wp\/v2\/types\/page"}],"author":[{"embeddable":true,"href":"https:\/\/www.warteckpp.ch\/fonds\/wp-json\/wp\/v2\/users\/1"}],"replies":[{"embeddable":true,"href":"https:\/\/www.warteckpp.ch\/fonds\/wp-json\/wp\/v2\/comments?post=744"}],"version-history":[{"count":10,"href":"https:\/\/www.warteckpp.ch\/fonds\/wp-json\/wp\/v2\/pages\/744\/revisions"}],"predecessor-version":[{"id":935,"href":"https:\/\/www.warteckpp.ch\/fonds\/wp-json\/wp\/v2\/pages\/744\/revisions\/935"}],"wp:attachment":[{"href":"https:\/\/www.warteckpp.ch\/fonds\/wp-json\/wp\/v2\/media?parent=744"}],"curies":[{"name":"wp","href":"https:\/\/api.w.org\/{rel}","templated":true}]}}

<p>Herzlich Willkommen beim Fonds des Werkraums Warteck pp.</p>



<p>Der Fonds WWpp ist ein ideelles Engagement des Vereins Werkraum Warteck pp. Die finanziellen Mittel stellt der Verein aus knappen 10% der Mieteinnahmen für kulturelle Projekte zur Verfügung. Eine Arbeitsgruppe aus dem Umfeld des Werkraum Warteck pp wählt aus eingegangenen Dossiers Projekte aus. Damit sollen&nbsp;die Leitideen des Werkraum Warteck pp nach aussen getragen und die Interaktion mit der Region Basel gefördert werden.<br></p>



<p>Fördergesuche können laufend über<a href="https://www.warteckpp.ch/fonds/"> </a><a rel="noreferrer noopener" href="https://www.warteckpp.ch/fonds/gesuch-2" target="_blank">Gesuch</a> hochgeladen werden. Bitte <a rel="noreferrer noopener" href="https://www.warteckpp.ch/fonds/fonds-2" data-type="URL" data-id="https://www.warteckpp.ch/fonds/fonds-2" target="_blank">Förderrichtlinien</a> beachten.</p>



<p>Wir freuen uns auf eure Projekte.</p>

<p>Herzlich Willkommen beim Fonds des Werkraums Warteck pp. Der Fonds WWpp ist ein ideelles Engagement des Vereins Werkraum Warteck pp. Die finanziellen Mittel stellt der Verein aus knappen 10% der Mieteinnahmen für kulturelle Projekte zur Verfügung. Eine Arbeitsgruppe aus dem &hellip; <a href="https://www.warteckpp.ch/fonds/">Weiterlesen <span class="meta-nav">&rarr;</span></a></p>
